e the highest common divisor of 42506 and 48866.
106
Calculate the highest common divisor of 58368 and 11742.
114
What is the highest common divisor of 351741 and 1392?
87
Calculate the highest common factor of 725532625 and 125.
125
What is the greatest common factor of 3899038 and 8294?
286
Calculate the greatest common divisor of 3763949 and 77.
7
Calculate the greatest common factor of 6390 and 17802.
18
What is the greatest common divisor of 9817825 and 189620?
2495
Calculate the highest common factor of 15761473 and 9597.
3199
What is the greatest common divisor of 2961 and 1503558?
63
What is the highest common divisor of 204 and 7343694?
102
Calculate the highest common divisor of 41720 and 69160.
280
Calculate the highest common factor of 51881607 and 81.
27
What is the highest common factor of 73 and 45629380?
73
What is the greatest common factor of 33102 and 1235664?
18
What is the highest common factor of 119301 and 41485353?
6279
What is the highest common divisor of 4478028 and 60?
12
Calculate the highest common factor of 29561895 and 26928.
1683
What is the greatest common factor of 320862592 and 32?
32
What is the greatest common divisor of 2629 and 956239?
239
Calculate the highest common divisor of 15069332 and 100.
4
Calculate the highest common divisor of 19481861 and 35.
7
Calculate the greatest common factor of 187889 and 1363141.
1261
What is the greatest common divisor of 42381626 and 322?
14
Calculate the highest common divisor of 385671 and 209209.
143
Calculate the highest common divisor of 238 and 18327785.
119
What is the greatest common factor of 163030 and 1439305?
595
Calculate the greatest common divisor of 2109 and 248204695.
703
What is the greatest common divisor of 83116042 and 1198?
1198
Calculate the greatest common factor of 16 and 769176.
8
Calculate the greatest common divisor of 174 and 170598.
6
What is the greatest common divisor of 493763 and 3403?
41
What is the highest common factor of 35 and 3772578005?
35
Calculate the highest common divisor of 104341232 and 13664.
976
Calculate the highest common factor of 450007 and 103.
103
Calculate the highest common divisor of 12775791 and 105.
21
What is the greatest common factor of 3932 and 141519561?
983
Calculate the highest common divisor of 1842 and 92644004.
614
What is the highest common divisor of 3240 and 1261340?
20
Calculate the highest common factor of 1122 and 10237281.
51
Calculate the highest common divisor of 1675684 and 44.
4
What is the greatest common factor of 15080 and 9607?
13
Calculate the greatest common factor of 1176816 and 20352.
48
What is the greatest common factor of 15293690 and 10?
10
What is the greatest common factor of 1026 and 17521838?
38
What is the greatest common factor of 987 and 15968344?
329
What is the greatest common divisor of 2007888 and 1357?
59
Calculate the highest common factor of 54284534 and 1106.
158
Calculate the highest common factor of 27190 and 395410.
10
What is the greatest common divisor of 596 and 744386?
2
What is the highest common divisor of 2164 and 20088412?
2164
What is the highest common divisor of 153 and 34239768?
51
What is the greatest common factor of 251216 and 7952?
112
Calculate the greatest common factor of 297956604 and 132.
132
What is the highest common factor of 72629584 and 48?
16
What is the highest common divisor of 516360 and 9984?
312
Calculate the greatest common divisor of 8877 and 1393392.
33
Calculate the greatest common factor of 16445 and 264017.
299
What is the greatest common factor of 28462440 and 40?
40
What is the highest common factor of 98512 and 3126628?
188
What is the greatest common divisor of 248464260 and 219?
219
What is the highest common factor of 1448 and 920464?
8
What is the greatest common factor of 15 and 354510?
15
What is the greatest common divisor of 138 and 64631955?
69
Calculate the greatest common divisor of 462609 and 231.
21
What is the highest common factor of 89106408 and 144?
72
What is the greatest common factor of 286 and 211864554?
22
What is the greatest common divisor of 2075 and 141225?
25
Calculate the greatest common factor of 84332241 and 94.
47
What is the highest common divisor of 2774240 and 71680?
1120
Calculate the highest common factor of 78345795 and 3656.
457
What is the highest common divisor of 100418 and 26450?
46
What is the greatest common divisor of 47911304 and 236?
236
What is the highest common factor of 5403 and 247830207?
5403
Calculate the highest common divisor of 750 and 7447950.
150
Calculate the highest common factor of 4902 and 16809.
3
Calculate the greatest common factor of 1560975339 and 33.
33
What is the greatest common divisor of 1292775444 and 54?
54
Calculate the highest common factor of 48029949 and 45.
9
Calculate the highest common factor of 2226 and 235215855.
1113
What is the greatest common divisor of 296472 and 114477?
33
What is the highest common factor of 142437 and 650883?
1803
What is the greatest common divisor of 555 and 16831860?
15
Calculate the highest common factor of 2020890 and 465.
465
Calculate the highest common divisor of 27621 and 59697.
891
What is the highest common divisor of 225206816 and 4960?
992
Calculate the greatest common divisor of 17663 and 188768.
17
What is the greatest common factor of 520830 and 6997590?
810
Calculate the greatest common factor of 11360815 and 645.
215
What is the highest common factor of 765 and 4402235?
85
What is the greatest common divisor of 6212 and 221109928?
6212
Calculate the highest common factor of 492393 and 9716.
347
What is the greatest common divisor of 1566 and 15800202?
18
Calculate the greatest common divisor of 39905 and 4290655.
1735
Calculate the highest common factor of 20126 and 3777442.
694
Calculate the greatest common divisor of 134407507 and 13.
13
What is the greatest common factor of 2705 and 14325139?
541
What is the highest common factor of 569490 and 200?
10
What is the greatest common factor of 388 and 10388372?
4
What is the greatest common factor of 6680 and 11090136?
1336
Calculate the highest common divisor of 6897 and 26562.
57
What is the highest common divisor of 487681859 and 1029?
343
Calculate the greatest common factor of 89211888 and 3248.
464
Calculate the highest common factor of 90135568 and 11008.
688
Calculate the greatest common divisor of 813170 and 290.
10
What is the greatest common divisor of 11370384 and 6463?
281
What is the greatest common factor of 166563444 and 426?
426
What is the greatest common divisor of 9891 and 56918309?
1099
What is the highest common factor of 49850 and 22931?
997
Calculate the highest common divisor of 3354 and 153382548.
258
What is the greatest common factor of 19328 and 332653?
151
Calculate the greatest common factor of 159645564 and 36.
36
Calculate the highest common divisor of 38378087 and 231.
11
What is the greatest common factor of 148423450 and 203?
203
Calculate the greatest common divisor of 2205 and 366750.
45
What is the greatest common factor of 16848 and 65691?
81
Calculate the greatest common factor of 1106840 and 480.
40
What is the greatest common factor of 1353 and 3998238?
123
What is the greatest common divisor of 1360229 and 4693?
247
What is the greatest common factor of 1480 and 1541960?
40
What is the highest common divisor of 130 and 70146427?
13
Calculate the greatest common factor of 21781 and 24748.
23
Calculate the greatest common factor of 140112 and 9869.
139
Calculate the highest common divisor of 8693400 and 240.
120
What is the greatest common factor of 64 and 22971656?
8
What is the highest common factor of 9982 and 1058309?
217
Calculate the highest common factor of 12637701 and 9.
9
Calculate the highest common factor of 42671647 and 69.
23
What is the greatest common divisor of 581 and 64290389?
83
What is the greatest common divisor of 2518716 and 4560?
228
Calculate the greatest common factor of 11544436 and 18676.
2668
What is the greatest common divisor of 1349698 and 5446?
14
What is the greatest common factor of 8155 and 928515?
35
What is the greatest common factor of 7980 and 195630365?
665
Calculate the highest common divisor of 17733669 and 9690.
969
What is the greatest common divisor of 1